{"id":203,"date":"2023-12-10T10:09:37","date_gmt":"2023-12-10T09:09:37","guid":{"rendered":"https:\/\/nexusshadows.wordpress.com\/?page_id=203"},"modified":"2024-03-02T17:45:10","modified_gmt":"2024-03-02T16:45:10","slug":"notre-entreprise-2","status":"publish","type":"page","link":"https:\/\/make-this.fr\/?page_id=203","title":{"rendered":"Notre Entreprise"},"content":{"rendered":"\n<div class=\"wp-block-media-text alignwide is-stacked-on-mobile\" style=\"margin-right:0;margin-left:0;padding-top:0;padding-right:var(--wp--preset--spacing--70);padding-bottom:0;padding-left:var(--wp--preset--spacing--70);grid-template-columns:27% auto\"><figure class=\"wp-block-media-text__media\"><img loading=\"lazy\" decoding=\"async\" width=\"672\" height=\"1024\" src=\"https:\/\/make-this.fr\/wp-content\/uploads\/2024\/02\/PhotoPageNotreEntreprise-672x1024.png\" alt=\"\" class=\"wp-image-715 size-full\" srcset=\"https:\/\/make-this.fr\/wp-content\/uploads\/2024\/02\/PhotoPageNotreEntreprise-672x1024.png 672w, https:\/\/make-this.fr\/wp-content\/uploads\/2024\/02\/PhotoPageNotreEntreprise-197x300.png 197w, https:\/\/make-this.fr\/wp-content\/uploads\/2024\/02\/PhotoPageNotreEntreprise-768x1170.png 768w, https:\/\/make-this.fr\/wp-content\/uploads\/2024\/02\/PhotoPageNotreEntreprise-1008x1536.png 1008w, https:\/\/make-this.fr\/wp-content\/uploads\/2024\/02\/PhotoPageNotreEntreprise-1344x2048.png 1344w\" sizes=\"auto, (max-width: 672px) 100vw, 672px\" \/><\/figure><div class=\"wp-block-media-text__content\">\n<p class=\"has-text-align-center\">\ud83d\udcf1 En tant que Social Media Manager (gestionnaire de r\u00e9seaux sociaux) : <\/p>\n\n\n\n<p class=\"has-text-align-center\">\ud83c\udf10 Mon r\u00f4le principal est d&rsquo;assurer la pr\u00e9sence en ligne de l&rsquo;entreprise ou de la marque que je repr\u00e9sente. <\/p>\n\n\n\n<p class=\"has-text-align-center\">\ud83d\udcdd Je cr\u00e9e, planifie et publie du contenu de qualit\u00e9 pour engager et fid\u00e9liser les abonn\u00e9s.<\/p>\n\n\n\n<p class=\"has-text-align-center\">\ud83d\udcac Je surveille les commentaires et les messages pour maintenir une bonne r\u00e9putation en ligne.<\/p>\n\n\n\n<p class=\"has-text-align-center\">\ud83c\udfaf Mon objectif est d&rsquo;aider l&rsquo;entreprise \u00e0 atteindre ses objectifs de marketing.<\/p>\n<\/div><\/div>\n\n\n\n<div style=\"height:20px\" aria-hidden=\"true\" class=\"wp-block-spacer\"><\/div>\n\n\n\n<div class=\"wp-block-media-text alignwide has-media-on-the-right is-stacked-on-mobile\" style=\"padding-right:var(--wp--preset--spacing--70);padding-left:var(--wp--preset--spacing--70);grid-template-columns:auto 51%\"><div class=\"wp-block-media-text__content\">\n<p class=\"has-text-align-center\">\ud83d\udc49 Voici les <strong>9 raisons<\/strong> valable de nous s\u00e9lectionner pour <em>vos projets<\/em> de marketing digital.<\/p>\n<\/div><figure class=\"wp-block-media-text__media\"><img loading=\"lazy\" decoding=\"async\" width=\"1024\" height=\"768\" src=\"https:\/\/make-this.fr\/wp-content\/uploads\/2024\/01\/Pourquoi-choisir-makeThisv2-1024x768.png\" alt=\"\" class=\"wp-image-692 size-full\" srcset=\"https:\/\/make-this.fr\/wp-content\/uploads\/2024\/01\/Pourquoi-choisir-makeThisv2-1024x768.png 1024w, https:\/\/make-this.fr\/wp-content\/uploads\/2024\/01\/Pourquoi-choisir-makeThisv2-300x225.png 300w, https:\/\/make-this.fr\/wp-content\/uploads\/2024\/01\/Pourquoi-choisir-makeThisv2-768x576.png 768w, https:\/\/make-this.fr\/wp-content\/uploads\/2024\/01\/Pourquoi-choisir-makeThisv2-1536x1152.png 1536w, https:\/\/make-this.fr\/wp-content\/uploads\/2024\/01\/Pourquoi-choisir-makeThisv2-2048x1536.png 2048w\" sizes=\"auto, (max-width: 1024px) 100vw, 1024px\" \/><\/figure><\/div>\n\n\n\n<div style=\"height:20px\" aria-hidden=\"true\" class=\"wp-block-spacer\"><\/div>\n\n\n\n<div class=\"wp-block-media-text alignwide is-stacked-on-mobile\" style=\"padding-right:var(--wp--preset--spacing--70);padding-left:var(--wp--preset--spacing--70);grid-template-columns:46% auto\"><figure class=\"wp-block-media-text__media\"><img loading=\"lazy\" decoding=\"async\" width=\"1024\" height=\"1024\" src=\"https:\/\/make-this.fr\/wp-content\/uploads\/2024\/02\/Cycle-marketing-Make-Thisv2-1024x1024.png\" alt=\"\" class=\"wp-image-714 size-full\" srcset=\"https:\/\/make-this.fr\/wp-content\/uploads\/2024\/02\/Cycle-marketing-Make-Thisv2-1024x1024.png 1024w, https:\/\/make-this.fr\/wp-content\/uploads\/2024\/02\/Cycle-marketing-Make-Thisv2-300x300.png 300w, https:\/\/make-this.fr\/wp-content\/uploads\/2024\/02\/Cycle-marketing-Make-Thisv2-150x150.png 150w, https:\/\/make-this.fr\/wp-content\/uploads\/2024\/02\/Cycle-marketing-Make-Thisv2-768x768.png 768w, https:\/\/make-this.fr\/wp-content\/uploads\/2024\/02\/Cycle-marketing-Make-Thisv2-1536x1536.png 1536w, https:\/\/make-this.fr\/wp-content\/uploads\/2024\/02\/Cycle-marketing-Make-Thisv2-2048x2048.png 2048w\" sizes=\"auto, (max-width: 1024px) 100vw, 1024px\" \/><\/figure><div class=\"wp-block-media-text__content\">\n<p class=\"has-text-align-center\">\ud83d\udd25 D\u00e9couvrez la cha\u00eene de consommation de MakeThis ! \ud83c\udf1f<\/p>\n\n\n\n<p class=\"has-text-align-center\">Notre entreprise vous accompagne dans la <strong>gestion de vos r\u00e9seaux sociaux<\/strong> pour <em>maximiser votre visibilit\u00e9<\/em>. \ud83d\udcc8<\/p>\n\n\n\n<p class=\"has-text-align-center\">De la <strong>cr\u00e9ation de contenu<\/strong> \u00e0 <em>l&rsquo;analyse des r\u00e9sultats<\/em>, nous sommes l\u00e0 pour vous aider \u00e0 atteindre <strong><em>vos objectifs marketing<\/em><\/strong>. \ud83d\udcaa<\/p>\n\n\n\n<p class=\"has-text-align-center\">Faites confiance \u00e0 notre expertise et <strong>rejoignez<\/strong> <em>notre communaut\u00e9<\/em> d&rsquo;entreprises prosp\u00e8res. \ud83e\udd1d<\/p>\n<\/div><\/div>\n\n\n\n<div style=\"height:40px\" aria-hidden=\"true\" class=\"wp-block-spacer\"><\/div>\n\n\n\n<div class=\"wp-block-group has-global-padding is-layout-constrained wp-block-group-is-layout-constrained\">\n<h3 class=\"wp-block-heading has-text-align-center\">Notre Process<\/h3>\n<\/div>\n\n\n\n<div style=\"height:20px\" aria-hidden=\"true\" class=\"wp-block-spacer\"><\/div>\n\n\n\n<div class=\"wp-block-media-text alignwide has-media-on-the-right is-stacked-on-mobile\" style=\"padding-right:var(--wp--preset--spacing--60);padding-left:var(--wp--preset--spacing--60);grid-template-columns:auto 42%\"><div class=\"wp-block-media-text__content\">\n<p>\ud83d\udca1 Nous avons mis en place un processus de r\u00e9alisation bien \u00e9tabli. <\/p>\n\n\n\n<p>\u2728 Cela nous permet de comprendre vos besoins en profondeur et de concevoir la meilleure strat\u00e9gie pour donner vie \u00e0 vos projets. <\/p>\n\n\n\n<p>\ud83d\ude80 En travaillant \u00e9troitement avec vous \u00e0 chaque \u00e9tape, nous nous assurons que votre vision se concr\u00e9tise avec succ\u00e8s. <\/p>\n<\/div><figure class=\"wp-block-media-text__media\"><img loading=\"lazy\" decoding=\"async\" width=\"410\" height=\"1024\" src=\"https:\/\/make-this.fr\/wp-content\/uploads\/2024\/02\/Les-6-principaux-objectifs4K-410x1024.png\" alt=\"\" class=\"wp-image-722 size-full\" srcset=\"https:\/\/make-this.fr\/wp-content\/uploads\/2024\/02\/Les-6-principaux-objectifs4K-410x1024.png 410w, https:\/\/make-this.fr\/wp-content\/uploads\/2024\/02\/Les-6-principaux-objectifs4K-120x300.png 120w, https:\/\/make-this.fr\/wp-content\/uploads\/2024\/02\/Les-6-principaux-objectifs4K-768x1920.png 768w, https:\/\/make-this.fr\/wp-content\/uploads\/2024\/02\/Les-6-principaux-objectifs4K-819x2048.png 819w, https:\/\/make-this.fr\/wp-content\/uploads\/2024\/02\/Les-6-principaux-objectifs4K.png 2000w\" sizes=\"auto, (max-width: 410px) 100vw, 410px\" \/><\/figure><\/div>\n\n\n\n<div style=\"height:40px\" aria-hidden=\"true\" class=\"wp-block-spacer\"><\/div>\n","protected":false},"excerpt":{"rendered":"<p>\ud83d\udcf1 En tant que Social Media Manager (gestionnaire de r\u00e9seaux sociaux) : \ud83c\udf10 Mon r\u00f4le principal est d&rsquo;assurer la pr\u00e9sence en ligne de l&rsquo;entreprise ou de la marque que je repr\u00e9sente. \ud83d\udcdd Je cr\u00e9e, planifie et publie du contenu de qualit\u00e9 pour engager et fid\u00e9liser les abonn\u00e9s. \ud83d\udcac Je surveille les commentaires et les messages [&hellip;]<\/p>\n","protected":false},"author":1,"featured_media":0,"parent":0,"menu_order":0,"comment_status":"closed","ping_status":"closed","template":"","meta":{"content-type":"","om_disable_all_campaigns":false,"_monsterinsights_skip_tracking":false,"_monsterinsights_sitenote_active":false,"_monsterinsights_sitenote_note":"","_monsterinsights_sitenote_category":0,"footnotes":""},"class_list":["post-203","page","type-page","status-publish","hentry"],"aioseo_notices":[],"_links":{"self":[{"href":"https:\/\/make-this.fr\/index.php?rest_route=\/wp\/v2\/pages\/203","targetHints":{"allow":["GET"]}}],"collection":[{"href":"https:\/\/make-this.fr\/index.php?rest_route=\/wp\/v2\/pages"}],"about":[{"href":"https:\/\/make-this.fr\/index.php?rest_route=\/wp\/v2\/types\/page"}],"author":[{"embeddable":true,"href":"https:\/\/make-this.fr\/index.php?rest_route=\/wp\/v2\/users\/1"}],"replies":[{"embeddable":true,"href":"https:\/\/make-this.fr\/index.php?rest_route=%2Fwp%2Fv2%2Fcomments&post=203"}],"version-history":[{"count":34,"href":"https:\/\/make-this.fr\/index.php?rest_route=\/wp\/v2\/pages\/203\/revisions"}],"predecessor-version":[{"id":747,"href":"https:\/\/make-this.fr\/index.php?rest_route=\/wp\/v2\/pages\/203\/revisions\/747"}],"wp:attachment":[{"href":"https:\/\/make-this.fr\/index.php?rest_route=%2Fwp%2Fv2%2Fmedia&parent=203"}],"curies":[{"name":"wp","href":"https:\/\/api.w.org\/{rel}","templated":true}]}}