{"id":90,"date":"2023-04-19T22:54:51","date_gmt":"2023-04-19T20:54:51","guid":{"rendered":"https:\/\/nexusshadows.wordpress.com\/?page_id=90"},"modified":"2024-12-28T10:23:22","modified_gmt":"2024-12-28T09:23:22","slug":"plateformes","status":"publish","type":"page","link":"https:\/\/make-this.fr\/?page_id=90","title":{"rendered":"Plateformes"},"content":{"rendered":"\n<h4 class=\"wp-block-heading has-text-align-center\">Facebook<\/h4>\n\n\n\n<figure class=\"wp-block-image aligncenter size-thumbnail is-resized has-custom-border is-style-rounded\"><img loading=\"lazy\" decoding=\"async\" width=\"2143\" height=\"2143\" src=\"https:\/\/make-this.fr\/wp-content\/uploads\/2023\/04\/b288582c-a01c-4423-9ad0-cfe1ce643300.png?w=150\" alt=\"\" class=\"has-border-color has-background-border-color wp-image-35\" style=\"width:197px;height:auto\" srcset=\"https:\/\/make-this.fr\/wp-content\/uploads\/2023\/04\/b288582c-a01c-4423-9ad0-cfe1ce643300.png 2143w, https:\/\/make-this.fr\/wp-content\/uploads\/2023\/04\/b288582c-a01c-4423-9ad0-cfe1ce643300-300x300.png 300w, https:\/\/make-this.fr\/wp-content\/uploads\/2023\/04\/b288582c-a01c-4423-9ad0-cfe1ce643300-1024x1024.png 1024w, https:\/\/make-this.fr\/wp-content\/uploads\/2023\/04\/b288582c-a01c-4423-9ad0-cfe1ce643300-150x150.png 150w, https:\/\/make-this.fr\/wp-content\/uploads\/2023\/04\/b288582c-a01c-4423-9ad0-cfe1ce643300-768x768.png 768w, https:\/\/make-this.fr\/wp-content\/uploads\/2023\/04\/b288582c-a01c-4423-9ad0-cfe1ce643300-1536x1536.png 1536w, https:\/\/make-this.fr\/wp-content\/uploads\/2023\/04\/b288582c-a01c-4423-9ad0-cfe1ce643300-2048x2048.png 2048w\" sizes=\"auto, (max-width: 2143px) 100vw, 2143px\" \/><\/figure>\n\n\n\n<p>Facebook est le r\u00e9seau social le plus utilis\u00e9 dans le monde avec <strong>2,963 milliards d\u2019utilisateurs actifs mensuels en 2023<\/strong> et 2 milliards d\u2019utilisateurs actifs journaliers en d\u00e9cembre 2022.<\/p>\n\n\n\n<figure class=\"wp-block-image has-custom-border\"><img loading=\"lazy\" decoding=\"async\" width=\"1740\" height=\"1105\" src=\"https:\/\/make-this.fr\/wp-content\/uploads\/2023\/04\/6b39ae48-d47b-49b9-9ad0-bced949952bb.jpg\" alt=\"\" class=\"has-border-color has-background-border-color wp-image-31\" srcset=\"https:\/\/make-this.fr\/wp-content\/uploads\/2023\/04\/6b39ae48-d47b-49b9-9ad0-bced949952bb.jpg 1740w, https:\/\/make-this.fr\/wp-content\/uploads\/2023\/04\/6b39ae48-d47b-49b9-9ad0-bced949952bb-300x191.jpg 300w, https:\/\/make-this.fr\/wp-content\/uploads\/2023\/04\/6b39ae48-d47b-49b9-9ad0-bced949952bb-1024x650.jpg 1024w, https:\/\/make-this.fr\/wp-content\/uploads\/2023\/04\/6b39ae48-d47b-49b9-9ad0-bced949952bb-768x488.jpg 768w, https:\/\/make-this.fr\/wp-content\/uploads\/2023\/04\/6b39ae48-d47b-49b9-9ad0-bced949952bb-1536x975.jpg 1536w\" sizes=\"auto, (max-width: 1740px) 100vw, 1740px\" \/><\/figure>\n\n\n\n<p>Si vous h\u00e9sitez encore \u00e0 investir dans les Facebook Ads, cette statistique Facebook va vous faire flancher :&nbsp;<strong>vous pouvez atteindre jusqu\u2019\u00e0 33 millions de Fran\u00e7ais via les pubs sur Facebook<\/strong>. (source we are social et Hootsuite 2022).<\/p>\n\n\n\n<p>Bien s\u00fbr ce chiffre Facebook d\u00e9montre le potentiel d\u2019utilisateurs en France qui peuvent recevoir une publicit\u00e9. Dans votre cas, pour rester pertinent et raisonnable en terme budg\u00e9taire, il faut cibler votre audience en fonction de votre niche, celle qui est qualifi\u00e9e, et r\u00e9ceptive \u00e0 votre produit.<\/p>\n\n\n\n<figure class=\"wp-block-image has-custom-border\"><img loading=\"lazy\" decoding=\"async\" width=\"1740\" height=\"1105\" src=\"https:\/\/make-this.fr\/wp-content\/uploads\/2023\/04\/ab807f27-56e0-4d94-aa6e-403d9c5159e6.jpg?w=1024\" alt=\"\" class=\"has-border-color has-background-border-color wp-image-33\" srcset=\"https:\/\/make-this.fr\/wp-content\/uploads\/2023\/04\/ab807f27-56e0-4d94-aa6e-403d9c5159e6.jpg 1740w, https:\/\/make-this.fr\/wp-content\/uploads\/2023\/04\/ab807f27-56e0-4d94-aa6e-403d9c5159e6-300x191.jpg 300w, https:\/\/make-this.fr\/wp-content\/uploads\/2023\/04\/ab807f27-56e0-4d94-aa6e-403d9c5159e6-1024x650.jpg 1024w, https:\/\/make-this.fr\/wp-content\/uploads\/2023\/04\/ab807f27-56e0-4d94-aa6e-403d9c5159e6-768x488.jpg 768w, https:\/\/make-this.fr\/wp-content\/uploads\/2023\/04\/ab807f27-56e0-4d94-aa6e-403d9c5159e6-1536x975.jpg 1536w\" sizes=\"auto, (max-width: 1740px) 100vw, 1740px\" \/><\/figure>\n\n\n\n<div style=\"height:51px\" aria-hidden=\"true\" class=\"wp-block-spacer\"><\/div>\n\n\n\n<h4 class=\"wp-block-heading has-text-align-center\">Instagram<\/h4>\n\n\n\n<figure class=\"wp-block-image aligncenter size-thumbnail is-resized has-custom-border is-style-rounded\"><img loading=\"lazy\" decoding=\"async\" width=\"5001\" height=\"5001\" src=\"https:\/\/make-this.fr\/wp-content\/uploads\/2023\/04\/img_0437.png?w=150\" alt=\"\" class=\"has-border-color has-background-border-color wp-image-40\" style=\"width:206px;height:auto\" srcset=\"https:\/\/make-this.fr\/wp-content\/uploads\/2023\/04\/img_0437.png 5001w, https:\/\/make-this.fr\/wp-content\/uploads\/2023\/04\/img_0437-300x300.png 300w, https:\/\/make-this.fr\/wp-content\/uploads\/2023\/04\/img_0437-1024x1024.png 1024w, https:\/\/make-this.fr\/wp-content\/uploads\/2023\/04\/img_0437-150x150.png 150w, https:\/\/make-this.fr\/wp-content\/uploads\/2023\/04\/img_0437-768x768.png 768w, https:\/\/make-this.fr\/wp-content\/uploads\/2023\/04\/img_0437-1536x1536.png 1536w, https:\/\/make-this.fr\/wp-content\/uploads\/2023\/04\/img_0437-2048x2048.png 2048w\" sizes=\"auto, (max-width: 5001px) 100vw, 5001px\" \/><\/figure>\n\n\n\n<p>Parmi tous les chiffres Instagram, celui-ci est symbolique :&nbsp;<strong>En 2018, Instagram a atteint le milliard d\u2019utilisateurs mensuels<\/strong>. En 2022, Instagram compte 1,393 milliards d\u2019utilisateurs actifs.<\/p>\n\n\n\n<figure class=\"wp-block-image size-full has-custom-border\"><img loading=\"lazy\" decoding=\"async\" width=\"1012\" height=\"664\" src=\"https:\/\/make-this.fr\/wp-content\/uploads\/2024\/12\/entreprise-qui-utillise-intagram-1.png\" alt=\"\" class=\"has-border-color has-background-border-color wp-image-886\" srcset=\"https:\/\/make-this.fr\/wp-content\/uploads\/2024\/12\/entreprise-qui-utillise-intagram-1.png 1012w, https:\/\/make-this.fr\/wp-content\/uploads\/2024\/12\/entreprise-qui-utillise-intagram-1-300x197.png 300w, https:\/\/make-this.fr\/wp-content\/uploads\/2024\/12\/entreprise-qui-utillise-intagram-1-768x504.png 768w\" sizes=\"auto, (max-width: 1012px) 100vw, 1012px\" \/><\/figure>\n\n\n\n<p>Instagram repr\u00e9sente une formidable opportunit\u00e9 de promotion pour les entreprises. Non seulement l\u2019application couvre un \u00e9norme march\u00e9, mais il s\u2019agit d\u2019une audience potentiellement int\u00e9ress\u00e9e, que vous pouvez atteindre avec peu de moyens.<\/p>\n\n\n\n<figure class=\"wp-block-image size-full has-custom-border\"><img loading=\"lazy\" decoding=\"async\" width=\"1012\" height=\"664\" src=\"https:\/\/make-this.fr\/wp-content\/uploads\/2024\/12\/influence-decission-dachat-1.png\" alt=\"\" class=\"has-border-color has-background-border-color wp-image-887\" srcset=\"https:\/\/make-this.fr\/wp-content\/uploads\/2024\/12\/influence-decission-dachat-1.png 1012w, https:\/\/make-this.fr\/wp-content\/uploads\/2024\/12\/influence-decission-dachat-1-300x197.png 300w, https:\/\/make-this.fr\/wp-content\/uploads\/2024\/12\/influence-decission-dachat-1-768x504.png 768w\" sizes=\"auto, (max-width: 1012px) 100vw, 1012px\" \/><\/figure>\n\n\n\n<p>Cette statistique sur l\u2019\u00e2ge des utilisateurs Instagram concerne la r\u00e9partition mondiale des utilisateurs en janvier 2022.&nbsp;<strong>La tranche d\u2019\u00e2ge la plus importante couvre les 25\/34 ans, suivie des utilisateurs de 18 \u00e0 24 ans.<\/strong><\/p>\n\n\n\n<figure class=\"wp-block-image size-full has-custom-border\"><img loading=\"lazy\" decoding=\"async\" width=\"1012\" height=\"664\" src=\"https:\/\/make-this.fr\/wp-content\/uploads\/2024\/12\/Engagement.png\" alt=\"\" class=\"has-border-color has-background-border-color wp-image-889\" srcset=\"https:\/\/make-this.fr\/wp-content\/uploads\/2024\/12\/Engagement.png 1012w, https:\/\/make-this.fr\/wp-content\/uploads\/2024\/12\/Engagement-300x197.png 300w, https:\/\/make-this.fr\/wp-content\/uploads\/2024\/12\/Engagement-768x504.png 768w\" sizes=\"auto, (max-width: 1012px) 100vw, 1012px\" \/><\/figure>\n","protected":false},"excerpt":{"rendered":"<p>Facebook Facebook est le r\u00e9seau social le plus utilis\u00e9 dans le monde avec 2,963 milliards d\u2019utilisateurs actifs mensuels en 2023 et 2 milliards d\u2019utilisateurs actifs journaliers en d\u00e9cembre 2022. Si vous h\u00e9sitez encore \u00e0 investir dans les Facebook Ads, cette statistique Facebook va vous faire flancher :&nbsp;vous pouvez atteindre jusqu\u2019\u00e0 33 millions de Fran\u00e7ais via [&hellip;]<\/p>\n","protected":false},"author":1,"featured_media":0,"parent":0,"menu_order":0,"comment_status":"closed","ping_status":"closed","template":"","meta":{"content-type":"","om_disable_all_campaigns":false,"_monsterinsights_skip_tracking":false,"_monsterinsights_sitenote_active":false,"_monsterinsights_sitenote_note":"","_monsterinsights_sitenote_category":0,"footnotes":""},"class_list":["post-90","page","type-page","status-publish","hentry"],"aioseo_notices":[],"_links":{"self":[{"href":"https:\/\/make-this.fr\/index.php?rest_route=\/wp\/v2\/pages\/90","targetHints":{"allow":["GET"]}}],"collection":[{"href":"https:\/\/make-this.fr\/index.php?rest_route=\/wp\/v2\/pages"}],"about":[{"href":"https:\/\/make-this.fr\/index.php?rest_route=\/wp\/v2\/types\/page"}],"author":[{"embeddable":true,"href":"https:\/\/make-this.fr\/index.php?rest_route=\/wp\/v2\/users\/1"}],"replies":[{"embeddable":true,"href":"https:\/\/make-this.fr\/index.php?rest_route=%2Fwp%2Fv2%2Fcomments&post=90"}],"version-history":[{"count":8,"href":"https:\/\/make-this.fr\/index.php?rest_route=\/wp\/v2\/pages\/90\/revisions"}],"predecessor-version":[{"id":890,"href":"https:\/\/make-this.fr\/index.php?rest_route=\/wp\/v2\/pages\/90\/revisions\/890"}],"wp:attachment":[{"href":"https:\/\/make-this.fr\/index.php?rest_route=%2Fwp%2Fv2%2Fmedia&parent=90"}],"curies":[{"name":"wp","href":"https:\/\/api.w.org\/{rel}","templated":true}]}}